{"id":33,"date":"2024-08-27T00:45:58","date_gmt":"2024-08-27T00:45:58","guid":{"rendered":"https:\/\/tecnoreactivaempresarial.com\/?post_type=product&#038;p=33"},"modified":"2025-08-20T00:14:26","modified_gmt":"2025-08-20T00:14:26","slug":"xerox-color-c60-c70-pro","status":"publish","type":"product","link":"https:\/\/tecnoreactivaempresarial.com\/index.php\/producto\/xerox-color-c60-c70-pro\/","title":{"rendered":"XEROX Color C60\/C70 Pro"},"content":{"rendered":"<p class=\"p1\">Esta m\u00e1quina no es una simple copiadora tradicional. Es un dispositivo digital de producci\u00f3n ligera que se puede usar para copiar, escanear, enviar documentos por fax e imprimir trabajos en blanco y negro y en color. La interfaz de usuario del panel de control de la impresora es una pantalla t\u00e1ctil f\u00e1cil de usar que permite ajustar la configuraci\u00f3n del dispositivo y realizar tareas.<\/p>\n","protected":false},"excerpt":{"rendered":"<p>Equipo Multifunci\u00f3n<\/p>\n<p>Impresora a color<\/p>\n<p>P\u00e1ginas por minuto: 60<\/p>\n<p>Tipo de papel: SRA3<\/p>\n<p>Ciclo mensual: 60K<\/p>\n","protected":false},"featured_media":303,"comment_status":"open","ping_status":"closed","template":"","meta":{"_et_pb_use_builder":"off","_et_pb_old_content":"","_et_gb_content_width":""},"product_brand":[],"product_cat":[19],"product_tag":[20,21,22,23,24,25],"class_list":{"0":"post-33","1":"product","2":"type-product","3":"status-publish","4":"has-post-thumbnail","6":"product_cat-impresoras-a-color","7":"product_tag-c60","8":"product_tag-color","9":"product_tag-copiadora","10":"product_tag-impresora","11":"product_tag-multifuncion","12":"product_tag-xerox","14":"first","15":"outofstock","16":"taxable","17":"shipping-taxable","18":"purchasable","19":"product-type-simple"},"_links":{"self":[{"href":"https:\/\/tecnoreactivaempresarial.com\/index.php\/wp-json\/wp\/v2\/product\/33","targetHints":{"allow":["GET"]}}],"collection":[{"href":"https:\/\/tecnoreactivaempresarial.com\/index.php\/wp-json\/wp\/v2\/product"}],"about":[{"href":"https:\/\/tecnoreactivaempresarial.com\/index.php\/wp-json\/wp\/v2\/types\/product"}],"replies":[{"embeddable":true,"href":"https:\/\/tecnoreactivaempresarial.com\/index.php\/wp-json\/wp\/v2\/comments?post=33"}],"wp:featuredmedia":[{"embeddable":true,"href":"https:\/\/tecnoreactivaempresarial.com\/index.php\/wp-json\/wp\/v2\/media\/303"}],"wp:attachment":[{"href":"https:\/\/tecnoreactivaempresarial.com\/index.php\/wp-json\/wp\/v2\/media?parent=33"}],"wp:term":[{"taxonomy":"product_brand","embeddable":true,"href":"https:\/\/tecnoreactivaempresarial.com\/index.php\/wp-json\/wp\/v2\/product_brand?post=33"},{"taxonomy":"product_cat","embeddable":true,"href":"https:\/\/tecnoreactivaempresarial.com\/index.php\/wp-json\/wp\/v2\/product_cat?post=33"},{"taxonomy":"product_tag","embeddable":true,"href":"https:\/\/tecnoreactivaempresarial.com\/index.php\/wp-json\/wp\/v2\/product_tag?post=33"}],"curies":[{"name":"wp","href":"https:\/\/api.w.org\/{rel}","templated":true}]}}